*a + 6*a**j + 0*a. Calculate g(1).
6
Let j(s) = -s**3 + 5*s**2 - 7*s + 6. Suppose -a + 3*p = 3*a - 84, p = 0. Let d = -17 + a. What is j(d)?
-6
Let l(u) = 6*u - 3. Suppose -4*c + 3 = 5*q, -6*q = 2*c - q + 11. Suppose -c = -3*o - 4. Let k(y) = -y + 1. Let f(p) = o*l(p) + 5*k(p). Calculate f(4).
6
Let y be 3/((-18)/(-4))*3. Let c(x) = 0*x**3 + x**3 - 1 + 3*x**y + 0*x**2 + 2*x. Suppose 6*i = i - 15. Determine c(i).
-7
Let u(p) = -16*p - 10. Let x(v) = 19*v + 11. Let l(d) = -6*u(d) - 5*x(d). Suppose -2*f + 3 = 15. Determine l(f).
-1
Let h = 40 + -47. Let a(c) = c**3 + 8*c**2 + 8*c + 8. What is a(h)?
1
Let i be 6/15 + 8/5. Let v(r) = 0*r + 0 - 2*r**i + 1 + 2*r. Calculate v(-1).
-3
Let q(r) be the second derivative of 1/2*r**2 + 1/12*r**4 + 0 + 4/5*r**5 - 6*r - 1/3*r**3. Give q(1).
16
Let b(x) = x + 2*x - 2*x. Let v(y) = -y. Let f be v(-9). Let g = -12 + f. Calculate b(g).
-3
Let c(s) be the third derivative of s**4/24 - s**3/2 - 41*s**2. Give c(-6).
-9
Let t(x) = -14*x + 3. Let m(n) = 5*n - 1. Let p(q) = 17*m(q) + 6*t(q). Let o be p(1). Let y be 0 + 1 - (-2)/o. Let f(w) = 5*w - 2. Give f(y).
8
Let k(y) = -4*y**2 - 3*y + 6. Let u(m) = -3*m**2 - 3*m + 5. Let a(b) = -4*k(b) + 5*u(b). Let v = 13 + -9. Give a(v).
5
Let s(h) = -3*h + 2. Let l(f) = -f**3 + 10*f**2 + 11*f + 5. Let i = 14 - 3. Let w be l(i). Give s(w).
-13
Let c(b) be the second derivative of -2*b**3/3 + 3*b**2/2 + 2*b. Let s be c(2). Let i(x) = x. Give i(s).
-5
Let p(u) = u**2 - 5*u + 2. Let c be ((-2)/(-8) - 0)*4. Let o = 13 - 9. Let m = o + c. Determine p(m).
2
Let g(t) = t + 10. Let c(a) = -a - 10. Let z(y) = -2*c(y) - 3*g(y). Give z(0).
-10
Let z(p) = -2*p + 3. Let q(j) = -j**2 + 5*j + 4. Let s be q(6). Let i be ((-5)/2)/(s/4). What is z(i)?
-7
Suppose 2*l - 3*g + 10 = 0, l - g - 3*g = -10. Let x(n) = -4*n + 3 + 5*n - 2. Calculate x(l).
-1
Suppose 0*t + 2*t - 4*x - 6 = 0, 2*t - 15 = -5*x. Let d = 4 - 1. Let a(s) = -2*s - 4 + 7*s - d*s. Calculate a(t).
6
Let w(i) = -i + 9. Let p be w(7). Let q(f) = -2*f + 0*f + 1 - 2*f**2 + 0*f**p + 3*f**2. What is q(4)?
9
Let g(t) = -t**2 - t - 1. Let r(i) = 3*i**2 + 11*i + 8. Let h(y) = 2*g(y) + r(y). Determine h(-8).
-2
Let c(q) = -3*q + 4*q - 8 + 9*q - 4*q. Let k(g) = g - 1. Let o(m) = c(m) - 8*k(m). Calculate o(3).
-6
Suppose -3*x - 13 = -43. Let j(r) = -2*r - r - 5 + 2*r + x. Give j(4).
1
Let i(n) = n**3 - 6*n**2 + 2*n + 5. Let q = -9 + -1. Let w be 14/(-35) - 54/q. Calculate i(w).
-10
Suppose -c = -g - 5, -g - 5*c + 3 = -4. Let d = 6 + g. Let u(a) = -a**2 - d - 2*a + 3*a**2 - 3*a**2. What is u(-3)?
-6
Let j(f) = -3*f. Let m(b) = -25*b. Let n(t) = 24*j(t) - 3*m(t). Let w(c) = 2*c - 12. Let i be w(8). Determine n(i).
12
Let j = 5 - 11. Let r = j + 9. Let m(b) = -3 + 4*b**2 - b**3 + r - 4 + 0*b**3. Calculate m(3).
5
Suppose -f - 11 = 2*x, -5*x - 6 = -5*f - 1. Let o(t) = t**2 + 7*t + 1. Give o(x).
-11
Let w(f) = -f**3 + 3*f**2 + 4*f - 5. Let x(j) = -j**3 - 2*j**2 - j + 4. Let c be x(0). What is w(c)?
-5
Let g = 10 + -6. Let q(s) = -s**3 - 6 + g*s**2 - 3*s**3 + 3*s**3 + 3*s. Give q(4).
6
Let p(n) = -n**3 - 2*n**2 + 4*n + 4. Let z(c) = -c**2 + 4*c + 3. Let i be z(5). Let g be (-2 + -7)*i/(-6). Give p(g).
1
Let z(v) = -v**3 - 3*v**2 - 2*v + 2. Let d be z(-2). Let b(y) be the third derivative of -y**4/24 - y**2. Determine b(d).
-2
Let u(h) be the first derivative of -h**4/4 + 4*h**3/3 + h**2/2 + 3*h + 1. Let t = 111 + -107. Give u(t).
7
Suppose 2*z - 22 = 4*j - j, 5*j + 30 = 2*z. Let c(w) = -w**2 + 2*w + 1. Determine c(z).
-14
Let p(v) = -21*v**3 - v**2 + 15*v**3 + 10*v**3. Let w be p(1). Let z(y) = -3*y - 2. Determine z(w).
-11
Let c(m) be the third derivative of m**4/24 - m**3/6 + 2*m**2. Let w be ((-1)/1 + -3)*-1. Let b be c(w). Let v(k) = -k**2 + 2*k - 2. Determine v(b).
-5
Let v(c) = -c**3 + 5*c**2 - 6. Let x = 32 - 27. Determine v(x).
-6
Let p be ((-12)/(-8))/(6/16). Let k(f) = -4*f**2 + f - f**2 - 1 + p*f**2 + 5. Suppose -3*g + 12 = -0*t + t, -12 = -3*g - 2*t. Give k(g).
-8
Suppose 0*y + 20 = -2*s - 3*y, -5*s = -3*y + 8. Let x(h) = -h**3 - 3*h**2 + h - 2. Determine x(s).
10
Let o(n) = -n**2 - 11*n - 6. Let t be o(-5). Let r be ((-2)/(-4))/((-3)/t). Let a(s) = 16*s + 8. Let b(j) = -9*j - 4. Let x(f) = -4*a(f) - 7*b(f). Give x(r).
0
Let p = -132 + 128. Let t(m) = m**3 + 4*m**2 - 1. Determine t(p).
-1
Suppose -7*b - 45 = -16*b. Let u(f) = -f**3 + 6*f**2 - 6*f + 2. What is u(b)?
-3
Let v be (84/(-15))/(-7)*5*-1. Let k(n) = -3*n - 6. Calculate k(v).
6
Let z(c) = c**3 + 4*c**2 + 4*c + 4. Let q be 0 - (2 - 2)/(-3). Let y = -1 + q. Let b be 1/(y/(-3))*-1. Give z(b).
1
Let d(n) = -8*n**2 + 2*n - 6. Let o(m) = -7*m**2 + m - 5. Let y(v) = -6*d(v) + 7*o(v). Suppose -49 - 21 = 2*b. Let u be b/(-14)*4/(-2). Determine y(u).
1
Let j(t) = -3*t + 39. Let i(r) = -r + 13. Let c(g) = 17*i(g) - 6*j(g). Calculate c(0).
-13
Suppose 0 = 4*c + 24. Let y(m) = -m**3 + 7*m**2 + 9*m + 3. Let o(d) = 2*d**3 - 7*d**2 - 10*d - 4. Let j(u) = 2*o(u) + 3*y(u). Give j(c).
-5
Let k(a) = a**3 + 2*a**2 - 1. Let s be k(-1). Let v(c) = -c + 12. Give v(s).
12
Let x(n) = -n. Let k(v) = -v**3 - 3*v**2 - v + 1. Let r be k(-3). Let f be 72/(-45)*(-10)/r. Give x(f).
-4
Let c(j) = j**2 + 8*j + 6. Let r = -36 + 30. What is c(r)?
-6
Let f(d) = -d**2 + 2*d + 3. Let o = -3 + 9. Let n = -4 + o. Suppose 0*v = n*v + 4. Give f(v).
-5
Let k(p) be the first derivative of -p**4/4 - p**3/3 + 2*p**2 + p + 19. Calculate k(-3).
7
Let m(z) = 3*z**2 - 6 - 8*z - 1 - 4*z**2. Give m(-6).
5
Let r(q) = 2*q**2 - 14*q + 7. Let b(o) = -o**2 + 7*o - 3. Let y(g) = -5*b(g) - 3*r(g). What is y(4)?
6
Let c(d) = -d**3 + 6*d**2 + d - 6. Let m be c(6). Suppose 3*q + 11 = -b, -5*q + 4*b - 19 - 5 = m. Let z = -6 - q. Let w(h) = -3*h**2 - 3*h. Calculate w(z).
-6
Let g(n) = -2*n + 4. Let c be g(3). Let d = 1 + 2. Let a be d + (2 - 0/c). Let x(k) = k**3 - 4*k**2 - 3*k - 6. What is x(a)?
4
Let l = -25 + 26. Let s(r) be the third derivative of r**6/12 - r**5/60 + r**3/6 + 2*r**2. Give s(l).
10
Let u be (-45)/(-6)*12/(-15). Let m(l) = -l - 4. Calculate m(u).
2
Let b(v) = -v**3 + 4*v**2 - 2*v + 2. Suppose -2*x - w = 5, 5*x + 0*w + 5*w = -25. Let h(f) = -f**2 + 2. Let a be h(x). Give b(a).
6
Let n(p) = p**3 - 2*p**2 - 2*p - 1. Let u be n(3). Let s(k) = -k + 10. Let a be s(7). Let x(h) = a + h**u - 3 - h. Calculate x(0).
0
Let s(o) = -o + o + 7*o. Let r(c) = c - 2. Let y be r(3). Calculate s(y).
7
Let m(n) be the third derivative of 0 + 0*n + 11/24*n**4 - 1/6*n**3 + 7*n**2. Give m(1).
10
Let j(q) = -5*q**3 + 12*q**2 + 23*q - 12. Let k(v) = 2*v**3 - 4*v**2 - 8*v + 4. Let p(g) = 3*j(g) + 8*k(g). Give p(-4).
-24
Let s(v) be the first derivative of v**3/3 - v - 9. Let c(t) = 2*t**2 - 2*t - 2. Let p(q) = -c(q) + 3*s(q). Determine p(-2).
-1
Let a(b) be the first derivative of b**3/3 - b**2/2 - 3*b - 1. Let o(f) be the first derivative of a(f). What is o(1)?
1
Let s = -10 + 12. Let f(b) be the second derivative of 1/2*b**2 + 0 - s*b + 1/6*b**3. Give f(5).
6
Let g(w) = -3*w**2 + 3*w - 2. Let z(v) = -2*v**3 + 6*v**2 + 2*v - 4. Let q be z(3). Give g(q).
-8
Let y(t) = t + 8. Let o be y(-8). Suppose -m + 5 = -h + 3*m, o = 4*h - 2*m + 6. Let n(c) = -3*c - 1. Determine n(h).
2
Let l(i) be the third derivative of i**6/120 - i**4/12 - i**3/6 + 12*i**2. Determine l(-1).
0
Let s be (14/8 - 2)*-2. Let j(p) be the first derivative of -1/3*p**3 + 2 - 2*p + 1/4*p**4 - s*p**2. Calculate j(2).
0
Suppose 0*g - 2*g - 14 = 0. Let f(l) = l**3 + 6*l**2 - 7*l + 2. Let j be f(g). Let t(i) = 7*i. Let h(d) = -4*d. Let u(m) = -10*h(m) - 6*t(m). Determine u(j).
-4
Let u(f) = -f**2 + 11*f + 2. Let b(a) = a + 19. Let d be b(-8). What is u(d)?
2
Let u(z) = -231*z + 231*z + 10*z**3 + z**2 - 1. Let p = 3 - 2. Calculate u(p).
10
Let z(w) be the third derivative of -w**6/120 + w**5/10 - w**4/24 - w**2. Give z(6).
-6
Suppose v = -5*a + 31, -3*v + v = 2*a - 22. Let u(s) = -2*s + 1. What is u(v)?
-11
Let o(t) be the first derivative of -t**4/12 + 2*t**3/3 + 3*t**2/2 - t + 1. Let k(y) be the first derivative of o(y). Let n be 7 + (2 - 1 - 3). What is k(n)?
-2
Suppose d + 0*d - 37 = -5*n, 0 = 2*d - 5*n + 1. Let w = -8 + d. Let p be (-2)/8 + 17/w. Let t(k) = k - 4. Give t(p).
0
Let b(o) = 31 - 58 + 28 - o. What is b(8)?
-7
Let c(v) = v - v**2 + 9*v**2 + 4 - 3*v**2 - 3*v - v**3. Det